 is 1020311123 (base 4) in base 2?
1001000110101011011
Convert 668b4 (base 12) to base 5.
13323242
What is 215060 (base 9) in base 2?
11111010101100110
Convert 1221022004 (base 5) to base 2.
1011000101111001101010
Convert 23b49 (base 12) to base 3.
2110020210
What is 34362 (base 9) in base 10?
22898
What is -860824 (base 10) in base 4?
-3102022120
What is 453533 (base 7) in base 4?
103222103
What is -2899576 (base 10) in base 8?
-13037170
Convert 132d26 (base 14) to base 6.
22100502
Convert -113333333 (base 4) to base 13.
-3598a
302104211 (base 5) to base 12
4a2472
Convert -3315a0a (base 11) to base 6.
-324430024
320001323 (base 4) to base 8
700173
Convert -289d08 (base 14) to base 10.
-1410228
Convert -19999 (base 16) to base 5.
-11323412
2b7c4 (base 13) to base 8
241310
Convert -368471 (base 10) to base 14.
-983d5
Convert -2222012101202 (base 3) to base 11.
-989009
What is -235211042 (base 6) in base 9?
-8331388
Convert -3b0aaa (base 15) to base 9.
-5304167
Convert -3002132201 (base 4) to base 15.
-10b052
What is 615185 (base 9) in base 4?
1121001302
6772311 (base 8) to base 16
1bf4c9
181084 (base 11) to base 4
1010100302
Convert -2230443 (base 8) to base 10.
-602403
Convert 1004260 (base 8) to base 2.
1000000100010110000
-1885db (base 14) to base 16
-d3fb5
-25680 (base 15) to base 8
-351453
602660 (base 9) to base 10
356292
What is 1459 (base 16) in base 3?
21010221
What is -1620915 (base 14) in base 2?
-101001010101010010010111
Convert 55525 (base 10) to base 2.
1101100011100101
What is -add8 (base 14) in base 11?
-20745
Convert -23a078 (base 14) to base 9.
-2256344
What is 32141334 (base 5) in base 13?
96743
What is -59380 (base 15) in base 7?
-2262564
Convert 43870 (base 12) to base 14.
247d2
What is 1320471 (base 9) in base 14?
14b226
-5165350 (base 7) to base 3
-1011120100011
Convert 598a2a (base 14) to base 6.
145321102
What is -33202223 (base 4) in base 13?
-22c8b
Convert -1216575 (base 8) to base 4.
-1101311331
What is -2462586 (base 10) in base 3?
-11122010000220
11021023320 (base 4) to base 15
1b9799
Convert -36dbc3 (base 16) to base 15.
-4b03a3
Convert -1010012022212 (base 3) to base 9.
-1105285
What is 23000021 (base 4) in base 16?
b009
What is -4602464 (base 7) in base 4?
-2023233032
What is 17037736 (base 8) in base 3?
21102121100010
What is 43b29 (base 12) in base 3?
11120002220
Convert aba81 (base 13) to base 6.
10402244
Convert -2de53 (base 16) to base 4.
-231321103
Convert -cab5 (base 15) to base 16.
-a7a8
Convert 38721 (base 9) to base 15.
7b01
What is -5857270 (base 10) in base 15?
-7aa74a
-11626 (base 16) to base 4
-101120212
4938 (base 14) to base 3
122112201
222130433 (base 5) to base 10
973868
Convert -1320530 (base 6) to base 15.
-16869
-31314403 (base 5) to base 4
-333213323
What is 503160 (base 8) in base 15?
34078
Convert 2155 (base 10) to base 15.
98a
What is -462906 (base 10) in base 7?
-3635403
-1b269 (base 16) to base 15
-22e3e
What is -102a01 (base 12) in base 2?
-111101111100100001
233834 (base 9) to base 14
39383
What is 126056 (base 8) in base 7?
242336
Convert 4133230 (base 8) to base 14.
207252
1010110011110001 (base 2) to base 13
171c8
Convert 2e16a (base 15) to base 11.
a18a6
Convert -470602 (base 9) to base 6.
-10020215
What is 1351041 (base 12) in base 11?
2191554
-123130001 (base 5) to base 9
-1112288
Convert -4782260 (base 9) to base 16.
-2791f5
What is 1174637 (base 8) in base 12?
138827
What is 111110010010001011001011 (base 2) in base 9?
33644843
Convert 948165 (base 11) to base 10.
1518863
Convert 1726776 (base 9) to base 10.
962916
What is 155b4 (base 13) in base 8?
117132
Convert 289103 (base 14) to base 8.
5275577
-2442210 (base 7) to base 8
-1143131
Convert -112154 (base 6) to base 4.
-2111212
What is 4640135 (base 7) in base 9?
1075125
What is 12a53 (base 16) in base 14?
1db91
-101000110000001111001011 (base 2) to base 15
-e10679
Convert -10000110100010000100 (base 2) to base 10.
-551044
-200021322 (base 5) to base 4
-2333011320
-12213200 (base 5) to base 13
-41150
-316461 (base 10) to base 8
-1152055
-3e4bb (base 15) to base 2
-110000111000001001
Convert 10220120001212 (base 3) to base 4.
13323100010
What is -12445417 (base 9) in base 7?
-102645022
-21163433 (base 7) to base 10
-1797197
Convert 310332454 (base 6) to base 5.
2332042420
Convert -40131240 (base 6) to base 2.
-100010100010011001000
What is 1a779 (base 16) in base 15?
221c4
Convert 24650b (base 12) to base 3.
1010001200002
Convert -22790 (base 11) to base 13.
-11c80
-133233031323 (base 4) to base 8
-37571573
Convert -4677327 (base 9) to base 13.
-6a8259
-2bcb76 (base 14) to base 5
-343032122
What is -140435 (base 7) in base 12?
-134b5
Convert -10001111110010100101 (base 2) to base 7.
-5002046
Convert -825 (base 16) to base 15.
-940
e6816 (base 16) to base 15
139b35
-25210155 (base 8) to base 16
-55106d
What is -6543646 (base 8) in base 13?
-495ab7
Convert 76280 (base 14) to base 2.
1000101110010111000
24774b7 (base 13) to base 16
ad432a
335818 (base 10) to base 11
20a33a
Convert 1100513 (base 7) to base 15.
29dab
What is 126035563 (base 7) in base 15?
aa7ee4
Convert -8a293 (base 11) to base 5.
-13141112
What is 23210322203 (base 4) in base 9?
5634845
Convert 414781 (base 11) to base 7.
5440040
What is 312247 (base 8) in base 13?
381c7
-4201014 (base 5) to base 4
-100310110
What is -257d2b (base 14) in base 6?
-43350003
Convert 20b16 (base 13) to base 5.
3342000
Convert -27a065 (base 12) to base 11.
-410aa8
101101011011011101011 (base 2) to base 16
16b6eb
-20a9bb5 (base 12) to base 11
-3552664
Convert -12329 (base 10) to base 14.
-46c9
Convert -2d517 (base 15) to base 5.
-14140042
Convert -59c9a8 (base 13) to base 2.
-1000001010110101100001
What is -134089 (base 15) in base 8?
-3416317
-1200222200202 (base 3) to base 11
-5690a5
What is 112202112122 (base 3) in base 7?
2320022
What is 110121110122 (base 3) in base 4?
330212021
Convert 23262 (base 15) to base 9.
180462
Convert -277286 (base 9) to base 3.
-22121022220
Convert 553011 (base 6) to base 9.
70107
Convert -103122461 (base 7) to base 16.
-5db17a
What is 300320203 (base 4) in base 6?
4142551
-10010100100000010 (base 2) to base 10
-76034
What is -126561 (base 11) in base 4?
-300211033
Convert 28246 (base 12) to base 15.
11743
195645 (base 10) to base 16
2fc3d
What is 1050341 (base 8) in base 14?
75117
What is 224408 (base 9) in base 8?
406504
What is -9210041 (base 10) in base 14?
-131a601
Convert -1c33ca (base 14) to base 8.
-3660306
Convert 10223310232 (base 4) to base 11.
769745
-10101011000111011 (base 2) to base 9
-143155
11cc7b (base 14) to base 9
1131887
211300 (base 11) to base 12
143a31
What is 1110110010100110101 (base 2) in base 7?
4056002
Convert -50254142 (base 7) to base 5.
-2031233120
Convert -661577 (base 9) to base 13.
-10a962
-7cc35b (base 13) to base 8
-13246232
What is -11011110111011111 (base 2) in base 12?
-5607b
Convert -8272d (base 16) to base 14.
-dca17
What is -1035145 (base 6) in base 16?
-c9e9
29631 (base 15) to base 10
133021
Convert -16446514 (base 8) to base 3.
-21012010020221
Convert 6f7f70 (base 16) to base 7.
116052362
What is -c632 (base 16) in base 5?
-3110423
Convert -1110010010001001010110 (base 2) to base 15.
-4de67c
320323001 (base 4) to base 3
102211211022
Convert -23322013 (base 5) to base 6.
-4330440
What is -6acce (base 16) in base 4?
-1222303032
Convert 10101001100110100011 (base 2) to base 9.
1267838
-1532123 (base 6) to base 10
-89907
-1519305 (base 13) to base 5
-3210411440
Convert -122113001 (base 4) to base 3.
-12111002212
735218 (base 9) to base 15
89685
961988 (base 10) to base 6
32341352
What is 105174 (base 13) in base 11?
241456
What is -10033454 (base 6) in base 12?
-11888a
What is -617ad6 (base 16) in base 3?
-110000120021211
What is -10111100010111111111101 (base 2) in base 10?
-6172669
Convert 202231101301 (base 4) to base 2.
100010101101010001110001
3162b70 (base 12) to base 16
8e7604
What is 1880052 (base 9) in base 2?
100000001111001110000
What is -200026414 (base 7) in base 2?
-101100000000100100011101
What is -108528 (base 11) in base 4?
-222010232
What is 2210022121 (base 3) in base 12?
27937
-114042 (base 5) to base 6
-31440
-303320032 (base 5) to base 12
-4b3554
Convert -13526 (base 13) to base 12.
-1